-2*t**3 + 1/4*t**4 + 14 - 4*t**2 + 9*t. Let i be h(7). What is y(i)?
-2
Let l be 5/3 + 6/(-9). Let g be 1/(l/(-2))*27/(-9). Let t(y) = -2*y + 9. What is t(g)?
-3
Let u be (0/(-2))/(2 + -4). Let k(r) = 6*r**3 - 6*r**2 - 5*r - 10. Let q(z) = 7*z**3 - 7*z**2 - 6*z - 11. Let d(v) = -6*k(v) + 5*q(v). Give d(u).
5
Let u be 65/((-4550)/20) + 37/7. Let o(b) be the first derivative of -b**4/4 + 4*b**3/3 + 3*b**2/2 + 6*b + 1. Give o(u).
-4
Let x(o) be the first derivative of 4*o - 1/2*o**2 + 2 + 1/6*o**3 + 2/3*o**4. Let t(v) be the first derivative of x(v). What is t(1)?
8
Let z(l) = 2*l**2 - 7*l + 462 + 0*l**2 - l**2 - 463. Give z(7).
-1
Suppose 0 = 4*a + 4*f - 244, 2*a - 6*f + 2*f = 116. Let p(g) = -g**2 - 22*g + a*g - 34*g - 8. Determine p(6).
-20
Let b(j) = j**2 - 6*j + 1. Let g be (-248)/(-10) + (-10)/(-50). Suppose 4*q - g = -5*f, q = 5*f + 6*q - 25. Give b(f).
-4
Suppose -2*l - 18 = -5*l. Let s(k) = -2 + k**2 - l*k + 8 - 3*k + 4*k. Give s(5).
6
Let t(s) = s**2 + 2*s - 7. Let k be t(3). Suppose -k*f = -4*f. Let d(m) be the third derivative of m**6/120 + m**4/24 + 3*m**3/2 - 10*m**2. Calculate d(f).
9
Let x(z) = -z**3 - 6*z**2 - 2*z + 6. Let b be (-6*1)/(-1)*1160/(-1392). Calculate x(b).
-9
Let t(y) = 11 + 0*y - 3*y + 4*y. Let o be t(-7). Let h(s) = -69*s - 67*s - 4 + 195*s + 2 - 62*s. Calculate h(o).
-14
Let g = 1663/9 + -1660/9. Let z(h) be the first derivative of 8*h - 12 - 3*h**2 - g*h**3. Determine z(-6).
8
Let u(a) be the third derivative of -a**6/120 + 11*a**5/60 - 3*a**4/8 - 2*a**3/3 - 129*a**2. Determine u(10).
6
Let i = -67 - -61. Let c(v) be the second derivative of v**5/20 + v**4/2 - v**3/6 - 4*v**2 - v. What is c(i)?
-2
Let d(r) = -r. Let s(v) = v**3 - 9*v**2 + 8*v + 5. Let q be s(8). Let g = q - 1. Suppose u + 5 = g*l, -l + 17 = 3*u + 6. What is d(u)?
-3
Let n(v) be the second derivative of -v**3/6 + 819*v - 1. Let p(r) = -r**3 - r**2 + r - 7. Let o be p(0). Determine n(o).
7
Let p(n) = 2*n - 1. Suppose q + 5 = v, -3*q - 10 = 4*v + 19. What is p(q)?
-15
Let u = 12 + -9. Suppose -1 = -4*x - 3*o, -u*x = o - 0 + 3. Let y(z) = z**3 - 2*z + 1. Calculate y(x).
-3
Let c be (7 + -4)*10/(-15). Let d(u) = u**3 - 6*u - 2. Let k(f) = f**3 - 5*f - 2. Let p(q) = -4*d(q) + 5*k(q). Determine p(c).
-8
Let k = -13 - -21. Let s = 307 + -299. Let t(l) = 14*l**2 - k*l + 6 - s*l**2 - 5*l**2. What is t(6)?
-6
Let c(z) = z**3 - z**2 + 2*z - 2. Let n(f) = 5*f + 112. Let y be n(-22). Give c(y).
6
Let l(j) = -j**2 + j + 1. Let f(g) = -g**2 + 2*g. Let c(i) = 3*f(i) - 2*l(i). Give c(4).
-2
Let i(v) = 7*v**2 + 3 + 2657*v**3 - 5*v - 2659*v**3 + 1. Determine i(3).
-2
Let i(s) = -7*s + 29. Let q(z) = 5*z - 19. Let b(t) = -5*i(t) - 8*q(t). Let r(m) = -11*m + 15. Let k(y) = -9*b(y) + 4*r(y). Calculate k(-5).
-8
Suppose -4*h = -2*b - 0 - 2, -3*h = 0. Let g(u) be the third derivative of -u**6/24 - u**5/60 + u**3/6 - 3*u**2 + 44. Give g(b).
5
Suppose 15 = 4*q - 9*q. Let t(l) be the second derivative of -2/3*l**3 + 0 - 1/2*l**2 - 1/6*l**4 - 3*l. Determine t(q).
-7
Let m = 20 - 11. Let f(p) = -3*p**2 + 3*p**2 - 2*p**2 - 8 + 11*p + p**2. Calculate f(m).
10
Let p(b) = -b**2 + 4*b - 3. Let k(a) = a + 4 - 3*a + 3 + 7. Let l be k(6). Calculate p(l).
1
Let m be ((-2)/(0 - -8)*-12)/(-1). Let k(p) be the first derivative of 2*p**3/3 + 2*p**2 - p + 1. What is k(m)?
5
Let d(r) = 1. Let i(b) = b - 13. Let s(j) = -6*d(j) + i(j). Let y be -9 - (2 + -19 + 8). Determine s(y).
-19
Let b(f) = 2*f**2 - 7*f - 11. Let g be 56/16 - 12/(-8). Give b(g).
4
Let j(d) be the third derivative of -d**5/60 - d**4/6 - 5*d**3/6 + 59*d**2. Give j(-7).
-26
Let c = -621 + 611. Let j(s) = -s**3 - 9*s**2 + 9*s - 10. What is j(c)?
0
Let y(s) = -s**3 - 4*s**2 - 5*s. Let t be y(-3). Let k(q) = -32*q + 16*q - 2 + 15*q. Calculate k(t).
-8
Suppose 0 = g + 3*g - 24. Let c(a) = -a - 6. What is c(g)?
-12
Suppose -16*f = -71*f - 165. Let d(s) be the third derivative of s**4/24 - s**3/2 + s**2. What is d(f)?
-6
Let j be (-4)/(-2)*(-7)/(-14). Let d be (8/4 - j)/1. Suppose -n = 2 + d. Let y(x) = 4*x + 2. What is y(n)?
-10
Let x(q) be the third derivative of -q**6/120 + q**5/12 - q**4/24 + q**3/3 + 12*q**2 + 3. Give x(4).
14
Let y(w) = -w - 9. Let c be (-73)/7 - 280/(-196). Calculate y(c).
0
Let o(k) = k**3 - 9*k**2 + k - 9. Let g be o(9). Let x(v) = v**2 - 5. Give x(g).
-5
Let o be (-329)/(-35) - 4/10. Let f(y) = y - 7. Let b be f(o). Let g(m) = -2*m**3 + 1 + m**3 + 3 + m - 5*m**b. Give g(-5).
-1
Let m(o) = o + 2. Let u(x) = -6*x - 11. Suppose 0 = -4*q + 2*h + 36, q - 3*h + 2*h - 7 = 0. Let i(a) = q*m(a) + 2*u(a). Calculate i(5).
-5
Let q(s) be the third derivative of -s**4/8 - 2*s**3/3 - 4*s**2 - 30*s. Calculate q(6).
-22
Let k be (-120)/(-16)*(-1 - 15/(-9)). Suppose 0 = 5*g - 3*x - 12, -x - 1 - 13 = -k*g. Let f(a) = 2*a + 1. Calculate f(g).
7
Let d(q) be the second derivative of q**4/12 - 2*q**3/3 - q**2/2 - 2*q. Let a = -75 + 79. Calculate d(a).
-1
Let k = 4 + -12. Let w = 12 + k. Let a = -8 + w. Let l(s) = s**3 + 2*s**2 - 6*s - 1. Give l(a).
-9
Let x(u) = -1200 + 605 + 601 - 3*u. Give x(-8).
30
Suppose -2*h - 18*o = -19*o, -2*o - 9 = 5*h. Let z(t) = -27*t**2 + t + 1. Give z(h).
-27
Let g(f) = f**2 - 7*f + 1. Let z be 85/(-20) + -1*2/(-8). Let v(u) = -2*u - 1. Let o be v(z). Give g(o).
1
Let c(w) = -w**2 + 5*w + 3. Let k(y) = -y**2 + 5*y + 2. Let b(v) = -5*c(v) + 6*k(v). Determine b(7).
-17
Suppose -105 = -25*n + 95. Let k(v) = -9*v**2 + v**3 + 2 - 1 + 7*v + 2. Determine k(n).
-5
Let d(n) = -6*n**3 + 2*n**2 - 6*n + 3. Let y = 12 - 9. Suppose y = -5*q - 2. Let i(c) = c**3 + c**2 + c + 1. Let f(w) = q*d(w) - 5*i(w). Calculate f(7).
-1
Let f(r) = 7*r - 13. Let h(k) = -3*k + 6. Let p(u) = 2*f(u) + 5*h(u). Let q be -3 + -1 - -33*(-2)/(-6). Give p(q).
-3
Let k(s) = 6*s**3 - 15*s**2 + 19*s + 20. Let c(h) = -5*h**3 + 14*h**2 - 18*h - 18. Let i(w) = 5*c(w) + 4*k(w). Give i(8).
6
Let m(u) = 2*u**3 - 19*u**2 + 2. Let l(n) = 10*n - 75. Let t be l(8). Let w(d) = d**3 - 10*d**2 + 1. Let y(q) = t*w(q) - 3*m(q). Calculate y(7).
-1
Let m(k) = -k**2 + 7*k + 13. Let c be 196/22 - 21/(-231). Calculate m(c).
-5
Let i(a) be the second derivative of -5/2*a**2 + 0 + 32*a + 1/6*a**3. What is i(0)?
-5
Suppose 3*b = -2*b - a + 38, 0 = -b + 2*a + 1. Let k(j) = 2*j**2 - 4*j + 9. Let n(h) = h**2 - 2*h + 4. Let y(i) = b*n(i) - 3*k(i). Determine y(2).
1
Let p(n) = -4*n**3 + 23*n**2 + 8*n - 6. Let v be p(6). Let s(d) = -d + 12. Calculate s(v).
6
Let i = 323 - 323. Let d(v) = v - 24. What is d(i)?
-24
Let c(m) = 12282 - 12292 + 5*m**2 - 7*m - 4*m**2. Give c(9).
8
Suppose -5*d - 3*x = -2*d + 27, -2*x + 17 = -5*d. Let z(y) = 2*y**2 + 10*y - 4. Calculate z(d).
-4
Let m(o) = o**3 - 8*o**2 + 7*o + 9. Let w(h) = -7*h - 20. Let u be w(-6). Let g = u - 15. Determine m(g).
9
Suppose 0 = 5*h - 4*v - 145, h - 5*v = -3*h + 125. Let i = h - 28. Let w(l) = 4*l - 1. Determine w(i).
-13
Let h(w) = 6*w - w**2 + 13 + 17 - 22. Suppose 3*m = 2*j - 13, 4*m - 6*j + 16 = -2*j. Let b be (12/(-5))/(2/m). What is h(b)?
8
Let q = 21 + -19. Let u(k) = -q + k**2 + k - 2*k + 5*k - 3. Suppose -8 = 2*v - 0. What is u(v)?
-5
Let d(l) = 2*l - 38. Let p be d(16). Let w(u) = -5*u**3 - u**2 + 5*u + 7. Let r(f) = -4*f**3 - f**2 + 4*f + 7. Let z(v) = p*r(v) + 5*w(v). Give z(0).
-7
Let l(w) = -11*w + 12*w + w - 6 - 5*w - 6. Give l(-5).
3
Suppose -581*w + 580*w = -5*c + 19, 13 = -c - 4*w. Let r(b) = -5*b - 2. Let y(v) = 11*v + 4. Let f(n) = 7*r(n) + 3*y(n). Calculate f(c).
-8
Let t be (-3)/(-3)*-10*-1. Suppose 2*j + 3*g = 4*j - t, -5*j = 5*g. Let i(n) = 4*n + j*n - 2*n + 0*n. Determine i(-1).
-4
Let c(j) = j**3 - 2*j**2 - 2*j. Let b(q) = -4*q**3 + 8*q**2 + 10*q + 2. Let k(f) = b(f) + 6*c(f). What is k(-2)?
-26
Suppose 0 = 4*f - 1 - 3. Suppose -3*a - 11 = -5*i, -i + a - 1 = -4*i. Let t(u) = -2*u - 2*u**2 - 2*u**3 - 1 + i - 2*u**2 + f. What is t(-2)?
5
Suppose -2*m + g + 0 + 2 = 0, 5*m + 2*g = 14. Let n(b) = -2*b**m - 2*b**3 + 0*b - b + b**3. Let w be 6/(-4) - (-107)/214. Give n(w).
0
Let z(v) = -2*v**2 - 3*v + 2. Let q(o) = -9*o + 25. Let u(t) = 11*t - 26. Let n(i) = 5*q(i) + 4*u(i). Let k be n(24). Calculate z(k).
-7
Suppose 2*p - 3*p = 4*x - 15, 0 = 4*p + 4*x - 24. Suppose 0 = 2*n - 3*y, -2*y - 17 = -5*n - 3*y. Let w(q) = -5 + n + 5*q + 4. Calculate w(p).
17
Suppose -2*g + 4*w = -12 + 28